*t = -4*z + 154, 385 = 5*t - 4*z. What is the tens digit of t?
7
Let k(r) = 6*r**2 + 4. Let j be k(0). Suppose 1406 = -0*d + j*d - 3*v, -1755 = -5*d + 5*v. What is the units digit of d?
3
Let i(s) = s**3 + 2*s**2 - 82*s + 470. What is the tens digit of i(6)?
6
Suppose 416416 = 26805*d - 26789*d. What is the thousands digit of d?
6
Let q(g) = -g**3 - 18*g**2 - 5*g + 19. Let k be q(-18). Suppose -k = -5*j + 456. What is the hundreds digit of j?
1
Suppose -2*j - 3*j = -x + 367, 3*j + 3*x = -213. Let a(r) = 20*r**2 + 17*r - 50. Let f be a(3). Let s = f + j. What is the units digit of s?
8
Suppose -3666 = -32*u + 19*u + 11*u. What is the units digit of u?
3
Let b be -2386*((-56)/16 + 3). Let k = b - 764. What is the units digit of k?
9
Suppose -4*z - 5*z - 54 = 0. What is the hundreds digit of -2*(z/(-4))/(57/(-2698))?
1
Let i = 103 + 16. Suppose 0 = 3*v - 4*v + i. Suppose -9*c + 587 - v = 0. What is the units digit of c?
2
Suppose 7*g - 10*g = -45. Let f be 4/10 - (-24)/g. Suppose 0*y = f*y - 2*j - 96, 196 = 4*y - 3*j. What is the units digit of y?
2
Suppose 5*j + 25 = 0, 4*i - 69223 = 515*j - 516*j. What is the thousands digit of i?
7
What is the tens digit of (-21)/3 - ((-507)/2)/(6/1356)?
8
Let s(y) = y**2 + 130*y + 1697. What is the thousands digit of s(118)?
0
Suppose 5*a - 17215 = -4*b, 5*a - 2*a = b - 4291. Suppose -25*q = -15*q - b. What is the hundreds digit of q?
4
Let v(p) = 873 - 3*p**2 + 262 + 5*p + 44 + 4*p**2. What is the hundreds digit of v(0)?
1
Let u be 1/((6/2)/(-141)). What is the units digit of ((910/(-4))/(-5))/(u/(-658))?
7
Let w = 180 - 175. Suppose 0 = w*q + 2*q - 567. What is the tens digit of q?
8
Let d be (-4)/14 - ((-2054)/(-14) - 4). Let q = d + 165. Let k = q + 225. What is the units digit of k?
7
Let y be (-2)/5*40*-11. Let u be (144/y + 4/22)/1. Suppose u + 4 = 5*m, -4*m = 5*r - 749. What is the units digit of r?
9
Let v = 15333 - 7177. What is the units digit of v?
6
Suppose 137*m - 552285 = 5257200. What is the ten thousands digit of m?
4
Suppose 896 = 2356*p - 2349*p. Let g = -21 - -9. Let c = p - g. What is the units digit of c?
0
Suppose 502 = -15*r + 487. Let v(d) be the third derivative of -11*d**4/24 + d**3 + 3*d**2. What is the tens digit of v(r)?
1
Let z(o) be the first derivative of o**5/15 - o**3/3 + 10*o**2 + 20. Let t(l) be the second derivative of z(l). What is the units digit of t(-5)?
8
Suppose 5*x - 12 = -2. Suppose x*s - 3*g = 76, 3*s - 4*g = 115 - 0. Suppose -2*d = 3*a - s, 3*a = 3*d + 14 + 37. What is the units digit of a?
5
Let g = -219 + 225. Suppose 0 = -g*d - 53 + 263. What is the units digit of d?
5
Let k = -54589 - -77027. What is the ten thousands digit of k?
2
Let i be (-3464)/24 - 4/6. Let q = i - -645. What is the hundreds digit of q?
5
What is the hundreds digit of 1*(-1 - 0)*(-222189)/(3 - -8)?
1
Suppose 56930 = 15*n - 42206 - 70484. What is the hundreds digit of n?
3
Let g(z) = -z**2 - 58*z - 60. Let l be g(-28). Suppose -3*d + 3231 - l = 0. Suppose -3*n + s + d = 2*n, -4*s = 5*n - 807. What is the hundreds digit of n?
1
Let h(b) = -40*b - 9. Suppose -3*f = 22 - 7. Let r(g) = -39*g - 9. Let y(s) = f*h(s) + 6*r(s). What is the tens digit of y(-2)?
5
Let n(m) = 3*m - 25. Let u be n(9). Suppose -24*o + 8426 = -u*o. What is the hundreds digit of o?
3
Let n = -34623 - -49681. What is the thousands digit of n?
5
Suppose -3*q + 108553 = 5*o, 3*o + 3*q + 20906 - 86039 = 0. What is the units digit of o?
0
What is the hundreds digit of 21896 - (20 + -24 - (2 + 3))?
9
Let k = 156677 + -100166. What is the tens digit of k?
1
Suppose 7*p = -0*p + 42. Let n be (45/p)/((-3)/(-2)). Suppose 14 = n*v - 41. What is the units digit of v?
1
Suppose -9*k + 77252 = 4*m - 13*k, k = 5*m - 96585. What is the ten thousands digit of m?
1
Suppose 4*a - 5*l = -57, 5*a - 2*l = -l - 66. Let p(z) = 288901*z**3 + 12*z + 5*z - 288900*z**3 + 15*z**2 + 15. What is the hundreds digit of p(a)?
1
Let u = 296 - -353. Suppose -23 = -4*p + u. What is the hundreds digit of p?
1
Suppose -2*t + 4*j = -56, -3*t - 2*t = -2*j - 124. Suppose -k = -141 - t. What is the units digit of k?
5
Suppose 205*f = 211*f - 43344. What is the units digit of f?
4
Let t(r) = -r**2 - 12*r - 5. Let b be t(-11). Let v be -5 + b + (-2)/(-2). Suppose -c + 200 = c + 4*w, v*c - 204 = -3*w. What is the hundreds digit of c?
1
Let d = -632 + 3358. What is the thousands digit of d?
2
Let i(r) = -4*r - 22. Let n be i(-8). Suppose -9*w = -n*w + 9. Suppose -w*u + 2*u = -805. What is the hundreds digit of u?
1
Let u = -2163 + 6305. What is the tens digit of u?
4
Let f = -520 + 1353. What is the units digit of f?
3
Let b = -34 + 40. Suppose 0 = 2*d - 5*n - 5 - b, 0 = 5*d - 4*n - 19. Suppose -d*p - 29 = -47. What is the units digit of p?
6
Suppose 4*l + 2*i - 80280 = 0, -13*i + 54492 = -5*l + 154966. What is the ten thousands digit of l?
2
Let t(v) = 11*v**3 - 30*v**2 + 437*v - 1. What is the ten thousands digit of t(19)?
7
Let o(j) = 611*j - 10*j**2 - 1234*j + j**3 - 2 + 613*j. Let d = -12 + 24. What is the tens digit of o(d)?
6
Let h be (-8)/((-320)/152792) + (-1)/(-5). Suppose 8*v - 12*v + h = 0. What is the hundreds digit of v?
9
Suppose -5 = -5*b, 10*b - 12*b = -4*h + 36122. What is the units digit of h?
1
Let m(v) = -36*v + 38. Let y(p) = p. Let l(x) = m(x) - 12*y(x). What is the tens digit of l(-7)?
7
Let x(t) = 2*t + 25. Let h be x(-10). Suppose 7 - 32 = -h*o, j = o + 1185. Suppose w = -9*w + j. What is the hundreds digit of w?
1
Let s(r) = -r**2 - 16*r - 2. Suppose -2*v + 5*i = -4*v + 30, -5*v + 41 = 4*i. Suppose v*h + 12 = -53. What is the units digit of s(h)?
7
Let w(l) = -l**3 - l - 25. Let g be w(-3). Suppose -3074 = -g*j - q, 0 = 5*q + 5 - 0. What is the hundreds digit of j?
6
Let k be (2/(-7))/((-4)/(-56)*-4). Let n(z) = 180*z + 1. Let c be n(k). Suppose -5*i + 644 - c = 3*j, -i = 2*j - 318. What is the units digit of j?
1
Suppose -2*f = -2*z + 54634, 159*z - 27317 = 158*z + 4*f. What is the thousands digit of z?
7
Let t = -106 - -107. What is the hundreds digit of 123/41 - (-271)/t?
2
Let n = -188 + 59. Suppose -3*f + 306 = -f. Let w = f + n. What is the units digit of w?
4
Let n(u) = 7*u + 254. Let r = -54 - -114. Let o = -60 + r. What is the tens digit of n(o)?
5
Let h(o) = -3*o - 21. Let q be h(-7). Suppose -17*g + 3*g + 112 = q. What is the units digit of (1/3)/((g/12)/2)?
1
Let n be 9 + 709 + 6 + 5. Let l = n + -421. What is the units digit of l?
8
What is the ten thousands digit of 12 + (-432)/12 + 78939?
7
What is the tens digit of ((-1250)/750)/((1/(-1))/447)?
4
What is the hundreds digit of ((-87)/(-174))/((-2)/(-36524)) - -2?
1
Let g = -15408 + 26076. What is the units digit of g?
8
Let s = -88 - -90. Suppose -291 = -s*u + 13. Suppose -4*o = -4*r - r + u, 5*r + 4*o - 128 = 0. What is the units digit of r?
8
Suppose -3*x + 23663 = 5*s, -46084 + 6599 = -5*x + s. What is the units digit of x?
6
Suppose 20 = 14*i - 36. Let c(h) = 1 + 8*h**2 - i*h**3 + 4*h**2 - 7*h**2 + h. What is the tens digit of c(-2)?
5
Suppose 0*b - 2*b = -12. Suppose 0 = -6*q + 3*q + b. Suppose -j + q*j = -3*s + 386, 2*s - 5*j - 229 = 0. What is the hundreds digit of s?
1
Suppose -9*u - 2*u = -18454 - 16339. What is the units digit of u?
3
Let d = 26 - 24. Let h(k) = -2*k**2 - 7 + 16*k - 2*k**2 + 0*k**2 + 3*k**d. What is the units digit of h(8)?
7
Suppose 0 = -4*g - 4*s - 120, 3*g + 0*s + 4*s = -95. What is the units digit of (-4 - 115/g) + (-6)/(-15)?
1
Let u = 242 + -256. What is the units digit of ((-7)/u)/((-1)/(-1016))?
8
What is the tens digit of (813/(-4))/(1029/(-1372))?
7
Let g = 5353 - -15619. What is the hundreds digit of g?
9
Let z be 14/(-161) - 142/(-46). Suppose 4*o - 266 - 278 = -3*u, z*o - 433 = 4*u. What is the tens digit of o?
3
Suppose 3*t = 4*d + 488, -2*t + 320 = -7*d + 3*d. Suppose t = -5*a - 32. What is the tens digit of (-28)/8*a/14?
1
Let z(h) = -h**3 + 10*h**2 + 10*h + 57. Let y(p) = 4*p**3 - 29*p**2 - 29*p - 172. Let v(j) = 2*y(j) + 7*z(j). What is the tens digit of v(-10)?
3
What is the thousands digit of (-6 - 72/(-15))/(((-12)/(-6))/(-62410))?
7
Let i(r) = -820*r**3 - 2*r**2 + r + 2. Let z be (3/(-2))/(9/6). What is the hundreds digit of i(z)?
8
What is the units digit of (-14)/10 - 16580*38/(-475)?
5
Suppose 3*a - 155 = a - s, 306 =